7*t**4/4 + 2*t**3 - t**2/2 - 9*t - 32. Is y(f) composite?
False
Let b = -8232 + 11821. Is b a prime number?
False
Let i(b) = 1865*b + 4624. Is i(131) a prime number?
False
Let w(f) = -3*f - 615*f**2 + 4 + 612*f**2 - 189*f**3 + 2*f. Let z be w(2). Let t = 2153 + z. Is t a prime number?
True
Suppose j = 2*j + x + 106, -5*j - 532 = 4*x. Let h = j - -111. Suppose 3*t - 3072 = -3*p, h*p + 0*p - 5126 = -5*t. Is t prime?
False
Let q(n) be the first derivative of -12*n + 5*n**2 - 19 + 1/4*n**4 + 4*n**3. Is q(-7) a prime number?
True
Is ((140764/(-78))/(6/9))/(6/(-1086)) prime?
False
Suppose -12*n + 22 = -98. Is (n/20)/(1/7382) composite?
False
Let n(o) = 5*o + 2*o**2 + 4 - 6 - 3*o**2. Let q be n(4). Suppose 0 = y - 0*y - 4*l - 563, 0 = 5*y + q*l - 2925. Is y a composite number?
True
Let z be (0 + 2/(-6))/(2/(-12)). Suppose z*r - 1723 = -3*t, t = -2*t + 2*r + 1727. Let a = 1024 - t. Is a a composite number?
False
Let r = -27193 - -67886. Is r prime?
True
Suppose -y + 3*j = -0*j - 11, -4*j = -y + 14. Let k(c) = 18*c**2 - y*c - 119*c**3 - 20*c**2 + 4 - 3 - 2. Is k(-2) composite?
False
Let f be ((-437)/(-4) + -11)/(6/112). Suppose g = f + 4287. Is g prime?
True
Let h be -1 - 1/((-1)/(-4)). Let t be (-1)/h - 18144/(-30). Suppose 3*b = t + 580. Is b composite?
True
Suppose 2*x = 2*y + 3*y + 5519, 3*y + 3309 = 2*x. Let a = 2462 + y. Is a a prime number?
False
Let v be (-142920)/(-35) - 9/21. Suppose 29*x + v = 32*x. Is x composite?
False
Let f = -74048 - -1074917. Is f a prime number?
False
Let k(s) = -10928*s - 349. Is k(-5) a composite number?
True
Suppose -33*t + 36 + 96 = 0. Suppose -30*r + 3*h = -29*r - 3781, -16 = -t*h. Is r prime?
True
Is 433729 - (14 + -4) - 10 prime?
False
Let j(g) = 83*g + 97. Let v be j(-31). Let t = v + 3933. Is t a composite number?
True
Let x be (-36)/(-27) - 3662/6. Let a = -181 - x. Let p = a + 1209. Is p a prime number?
True
Let r be (6/(-10))/((-5)/200*2). Suppose -6*t - 36 = r*t. Is (-1011 - t)/(4 - (11 + -6)) a prime number?
True
Let o be 2*1 - (3 - 36). Let g be (-491)/3*63/(-11 + 8). Suppose -42*c = -o*c - g. Is c a composite number?
False
Let l = -158 - -160. Suppose -2*c = -0*c + 2*v - 2306, 3457 = 3*c + l*v. Is c a composite number?
False
Let j(h) = 10*h**3 - 2*h**2 - 10*h + 1. Let a be j(8). Suppose -15 = 14*x - 85. Suppose 3*d + 6 = -6, -3*f + a = -x*d. Is f composite?
True
Let k(v) be the third derivative of 167*v**4/12 - v**3/6 - 12*v**2. Is k(2) prime?
False
Let a(u) = u**3 + 49*u**2 + 115*u - 9. Let t(v) = -v**3 + 5*v**2 - 3*v - 7. Let s be t(5). Is a(s) composite?
False
Is (3 - 5)/((-16)/21048*(-6)/(-22)) composite?
True
Let p(j) be the first derivative of 3*j**2 + 2*j + 38/3*j**3 + 23. Is p(-4) a composite number?
True
Let w = -64 + 64. Let o be (-2)/(2/(-4) + w). Is o - (4 - (2455 + -2)) prime?
False
Let o(s) = 35024*s - 2631. Is o(10) a composite number?
False
Let g(o) = o**3 - 14*o**2 - o + 3. Let i(v) = -v**3 + v**2 - 2*v + 15. Let c = -33 + 33. Let h be i(c). Is g(h) composite?
True
Suppose -14*j = -11*j - 7869. Suppose -1055 = 14*l - j. Suppose 4618 = 2*y + l. Is y a composite number?
True
Let l(h) = 250*h + 5. Let u(d) = -751*d - 19. Let s(r) = -17*l(r) - 6*u(r). Is s(2) a prime number?
True
Suppose -9*m + 29925651 = 5*m + 73*m. Is m composite?
True
Suppose -44*b + 40*b - 12 = 0. Is -5331*b*(-4)/(-36) a composite number?
False
Suppose 3*q - 2*q - 1 = 0, -u + 442 = 3*q. Let c(o) = 0 - 1 - 437*o**2 + 2*o**3 + u*o**2. Is c(5) a prime number?
False
Let c = -82 - -179. Suppose -3*r - s = -2*s - 285, -c = -r + s. Is r a composite number?
True
Suppose -28*h - 5*h + 47624871 = 18*h. Is h composite?
True
Suppose 6*u = 3*u + 36. Suppose u*o + 67 = 463. Suppose -o - 51 = -4*m. Is m prime?
False
Let z = 50 - 48. Suppose 5*j + z*y - 4*y - 10 = 0, -5 = -5*j + 3*y. Suppose -j*o - 2*s = s - 739, 4*s + 386 = 2*o. Is o prime?
False
Let h(o) = -48*o + 29. Let t(v) = 0 + 13*v + 15 + 11*v - 30. Let k(d) = 4*h(d) + 7*t(d). Is k(-7) a prime number?
True
Let t(l) = 2*l**3 + 2*l**2 + 87*l + 180551. Is t(0) a prime number?
False
Suppose 58084 = -23*j - 29*j. Let s = j - -1968. Is s composite?
True
Let g(k) = 498*k - 15. Let m be g(5). Suppose 0 = 5*d + m - 15780. Is d a composite number?
True
Suppose -107*d - 3176684 = -111*d - 4*g, 4*d + g - 3176684 = 0. Is d a prime number?
False
Suppose -3*m - 5274 = 2*x, -2*m - 10*x + 14*x = 3500. Is -23 - -26 - (-3)/((-3)/m) composite?
False
Suppose 4*u + 320123 = w, 1595222 = 6*w + 2*u - 325438. Is w composite?
True
Suppose 2*v - 4*v = -4*h - 2468, v - 4*h - 1228 = 0. Suppose -v = -o + 485. Suppose o = 5*p - 1780. Is p a composite number?
False
Let p be 50 + (-1)/(-3)*18/2. Let n = 56 - p. Is 2 + n/((-9)/(-753)) a composite number?
True
Suppose 0 = 67*b - 65*b - 4. Suppose u = -3*l + 264, 3*l - 556 = -b*u + 4*l. Let z = 623 - u. Is z composite?
False
Let a(p) = 55*p + 18. Let u(y) = -54*y - 18. Let d(j) = 3*a(j) + 4*u(j). Is d(-11) a prime number?
False
Suppose 3*n = 16*v - 11*v - 4439776, v - 3*n - 887948 = 0. Is v a composite number?
True
Is 8 + (16 - -404517) + 4 prime?
False
Let r(j) = -3*j - 42. Let g be r(9). Let c = g - -108. Is 45507/c + (-4)/(-26) prime?
False
Suppose -5*d + 20 = 0, -7*a = -6*a - 5*d - 9407. Is a a composite number?
True
Let f = 1384 + -3846. Let n = f + 4935. Is n a composite number?
False
Let y be -3 - (-11 - (-12)/4). Suppose y*z + 0*z - 15 = 4*r, 0 = -3*z + 4*r + 9. Suppose -z*s + 3318 + 10509 = 0. Is s a prime number?
False
Let l = 194 + -86. Suppose 92646 = l*h - 102*h. Is h composite?
True
Suppose 9*x = -34*x - x + 3203068. Is x a prime number?
True
Let l be 27/7 + 7/49. Let x(h) = 2047*h + 21. Is x(l) composite?
False
Suppose -h - 5*r = 29, 4*h + h + 3*r + 167 = 0. Suppose o + b = 49, -4*b - 62 = -2*o + 12. Let k = o - h. Is k composite?
False
Let f(c) = 4*c**2 - 4*c - 1. Suppose -4*v = -4*k - 4, -v = 2*k - 0*v + 14. Let y be f(k). Suppose 7*t = 2*t + 3*j + y, 28 = t - 2*j. Is t a composite number?
True
Suppose 2*c + 8335 = -2*l + 5*l, -4*l = c - 11117. Is l prime?
False
Let l(i) = -5658*i + 715. Is l(-5) a composite number?
True
Let k(p) = -p + 12. Let g be k(10). Suppose 3*b + 42 = g*c + c, 2*b = c - 29. Is (-1518)/15*b/6 composite?
True
Let o be -3*3*(-44)/36. Suppose o*t = 14*t - 1935. Let x = t - 266. Is x a composite number?
False
Let f(y) = y + 2. Let c be f(-2). Suppose c = 2*k - 8*k + 30. Is (-1 - -2)/(k/(1 - -1284)) composite?
False
Let c(f) = -4242*f**3 - 2*f**2 - 12*f + 5. Is c(-3) a composite number?
True
Suppose 0 = -4*q + 4*y - 4, q - 3*y + 5 = 2*y. Let s be 1141 + 2 + q - (15 - 15). Suppose -4*j = -5*j + f + 1159, 0 = -j + 5*f + s. Is j a prime number?
True
Is ((-36)/48 + 1)*968228 a composite number?
False
Let g(n) = 2*n**3 - 17*n**2 + 8*n. Let x be g(8). Suppose 3*i + y - 947 = x, 648 + 283 = 3*i + 5*y. Is i composite?
False
Let u = -45 - -50. Suppose -5*d - 154 = -2*d + 4*w, -4*d - u*w - 207 = 0. Let p = d + 132. Is p prime?
False
Let h(m) = -9745*m - 1048. Is h(-11) a prime number?
False
Suppose -4*y = 2*w - 0*w - 22, -3*y - 4*w + 29 = 0. Let t be -383 + (15/5 - y). Let o = 1014 + t. Is o a composite number?
False
Suppose 0 = -0*z - 14*z + 112. Let k(v) = 4*v**3 - 7*v**2 + 19*v - 17. Is k(z) composite?
True
Let m be (-8)/1*4/8*-6. Suppose 2*g = 6*g - m. Suppose -g*k - 8088 = -14*k. Is k a prime number?
False
Suppose 6*v - 30 = -0*v. Suppose -v*n - 13532 = -2*n - 2*r, 0 = -n + 2*r - 4504. Let c = -2416 - n. Is c a composite number?
True
Let u(k) = -k**2 - 6*k - 2. Let i = 92 + -97. Let m be u(i). Suppose -m*s = -0*s - 777. Is s a composite number?
True
Let j(v) = 6*v**3 - 6*v**2 - 15*v + 37. Let z be j(7). Suppose -5*i + 0*i - t = -8464, i - 3*t = z. Is i composite?
False
Suppose -5*c + 5583 + 15087 = 0. Let a = 11406 - c. Suppose 5*y - a = -5*x + 2*x, -2*y - 9722 = -4*x. Is x prime?
False
Let i(y) = 7*y**2 + 18*y + 20. Let q(n) = 5*n**2 + 19*n + 17. Let w(d) = 2*i(d) - 3*q(d). Let p be 49/(-3) - (-2)/(-3). Is w(p) prime?
False
Is 8498435/99 + ((-1)/5 - (-19)/45) prime?
True
Let i(n) = -60*n + 137. Suppose 2*t + 55 = -3*d, 4*t - 3*d = 14 - 169. Is i(t) a composite number?
False
Let j be 1/1*(5 - 4). Is (1361/(-3))/(j/(-9)*3) a prime number?
True
Let o(k) = 706*k + 63. Let z = -129 - -134. Is o(z) composite?
False
Suppose 36232 - 14